{"id":4376,"date":"2018-05-08T13:08:36","date_gmt":"2018-05-08T11:08:36","guid":{"rendered":"https:\/\/wwwv2.kravolution.com\/schools\/bremen\/"},"modified":"2018-05-12T01:56:15","modified_gmt":"2018-05-11T23:56:15","slug":"bremen","status":"publish","type":"page","link":"https:\/\/www.kravolution.com\/fr\/schools\/bremen\/","title":{"rendered":"Bremen"},"content":{"rendered":"<p>l y a deux sites KRAVolution Krav Maga Bremen-Nord \u00e0 Bremen-Nord. L deuxi\u00e8me \u00e9cole est situ\u00e9 dans le quartier \u00ab\u00a0Vegesack\u00a0\u00bb, il y a encore des s\u00e9minaires r\u00e9guliers dans le \u201cKulle\u00a0\u00bb (Kulturinitiative Lesum KULLE e.V., Hindenburgstra\u00dfe 16, 28717 Bremen) dans le quartier Lesum.<\/p>\n","protected":false},"excerpt":{"rendered":"l y a deux sites KRAVolution Krav Maga Bremen-Nord \u00e0 Bremen-Nord. L deuxi\u00e8me \u00e9cole est situ\u00e9 dans le quartier \u00ab\u00a0Vegesack\u00a0\u00bb, [&hellip;]","protected":false},"author":7,"featured_media":0,"parent":3163,"menu_order":0,"comment_status":"closed","ping_status":"closed","template":"page-school.php","meta":{"_et_pb_use_builder":"","_et_pb_old_content":"","_et_gb_content_width":"","_mi_skip_tracking":false},"acf":[],"yoast_head":"<!-- This site is optimized with the Yoast SEO plugin v19.13 - https:\/\/yoast.com\/wordpress\/plugins\/seo\/ -->\n<title>Bremen - KRAVolution<\/title>\n<meta name=\"description\" content=\"l y a deux sites KRAVolution Krav Maga Bremen-Nord \u00e0 Bremen-Nord. L deuxi\u00e8me \u00e9cole est situ\u00e9 dans le quartier &quot;Vegesack&quot;, il y a encore des s\u00e9minaires\" \/>\n<meta name=\"robots\" content=\"index, follow, max-snippet:-1, max-image-preview:large, max-video-preview:-1\" \/>\n<link rel=\"canonical\" href=\"https:\/\/www.kravolution.com\/fr\/schools\/bremen\/\" \/>\n<meta property=\"og:locale\" content=\"fr_FR\" \/>\n<meta property=\"og:type\" content=\"article\" \/>\n<meta property=\"og:title\" content=\"Bremen - KRAVolution\" \/>\n<meta property=\"og:description\" content=\"l y a deux sites KRAVolution Krav Maga Bremen-Nord \u00e0 Bremen-Nord. L deuxi\u00e8me \u00e9cole est situ\u00e9 dans le quartier &quot;Vegesack&quot;, il y a encore des s\u00e9minaires\" \/>\n<meta property=\"og:url\" content=\"https:\/\/www.kravolution.com\/fr\/schools\/bremen\/\" \/>\n<meta property=\"og:site_name\" content=\"KRAVolution\" \/>\n<meta property=\"article:modified_time\" content=\"2018-05-11T23:56:15+00:00\" \/>\n<meta name=\"twitter:card\" content=\"summary_large_image\" \/>\n<script type=\"application\/ld+json\" class=\"yoast-schema-graph\">{\"@context\":\"https:\/\/schema.org\",\"@graph\":[{\"@type\":\"WebPage\",\"@id\":\"https:\/\/www.kravolution.com\/fr\/schools\/bremen\/\",\"url\":\"https:\/\/www.kravolution.com\/fr\/schools\/bremen\/\",\"name\":\"Bremen - KRAVolution\",\"isPartOf\":{\"@id\":\"https:\/\/www.kravolution.com\/fr\/#website\"},\"datePublished\":\"2018-05-08T11:08:36+00:00\",\"dateModified\":\"2018-05-11T23:56:15+00:00\",\"description\":\"l y a deux sites KRAVolution Krav Maga Bremen-Nord \u00e0 Bremen-Nord. L deuxi\u00e8me \u00e9cole est situ\u00e9 dans le quartier \\\"Vegesack\\\", il y a encore des s\u00e9minaires\",\"breadcrumb\":{\"@id\":\"https:\/\/www.kravolution.com\/fr\/schools\/bremen\/#breadcrumb\"},\"inLanguage\":\"fr-FR\",\"potentialAction\":[{\"@type\":\"ReadAction\",\"target\":[\"https:\/\/www.kravolution.com\/fr\/schools\/bremen\/\"]}]},{\"@type\":\"BreadcrumbList\",\"@id\":\"https:\/\/www.kravolution.com\/fr\/schools\/bremen\/#breadcrumb\",\"itemListElement\":[{\"@type\":\"ListItem\",\"position\":1,\"name\":\"Home\",\"item\":\"https:\/\/www.kravolution.com\/fr\/\"},{\"@type\":\"ListItem\",\"position\":2,\"name\":\"\u00c9coles\",\"item\":\"https:\/\/www.kravolution.com\/fr\/schools\/\"},{\"@type\":\"ListItem\",\"position\":3,\"name\":\"Bremen\"}]},{\"@type\":\"WebSite\",\"@id\":\"https:\/\/www.kravolution.com\/fr\/#website\",\"url\":\"https:\/\/www.kravolution.com\/fr\/\",\"name\":\"KRAVolution\",\"description\":\"Krav Maga modern israeli selfdefense system\",\"potentialAction\":[{\"@type\":\"SearchAction\",\"target\":{\"@type\":\"EntryPoint\",\"urlTemplate\":\"https:\/\/www.kravolution.com\/fr\/?s={search_term_string}\"},\"query-input\":\"required name=search_term_string\"}],\"inLanguage\":\"fr-FR\"}]}<\/script>\n<!-- \/ Yoast SEO plugin. -->","yoast_head_json":{"title":"Bremen - KRAVolution","description":"l y a deux sites KRAVolution Krav Maga Bremen-Nord \u00e0 Bremen-Nord. L deuxi\u00e8me \u00e9cole est situ\u00e9 dans le quartier \"Vegesack\", il y a encore des s\u00e9minaires","robots":{"index":"index","follow":"follow","max-snippet":"max-snippet:-1","max-image-preview":"max-image-preview:large","max-video-preview":"max-video-preview:-1"},"canonical":"https:\/\/www.kravolution.com\/fr\/schools\/bremen\/","og_locale":"fr_FR","og_type":"article","og_title":"Bremen - KRAVolution","og_description":"l y a deux sites KRAVolution Krav Maga Bremen-Nord \u00e0 Bremen-Nord. L deuxi\u00e8me \u00e9cole est situ\u00e9 dans le quartier \"Vegesack\", il y a encore des s\u00e9minaires","og_url":"https:\/\/www.kravolution.com\/fr\/schools\/bremen\/","og_site_name":"KRAVolution","article_modified_time":"2018-05-11T23:56:15+00:00","twitter_card":"summary_large_image","schema":{"@context":"https:\/\/schema.org","@graph":[{"@type":"WebPage","@id":"https:\/\/www.kravolution.com\/fr\/schools\/bremen\/","url":"https:\/\/www.kravolution.com\/fr\/schools\/bremen\/","name":"Bremen - KRAVolution","isPartOf":{"@id":"https:\/\/www.kravolution.com\/fr\/#website"},"datePublished":"2018-05-08T11:08:36+00:00","dateModified":"2018-05-11T23:56:15+00:00","description":"l y a deux sites KRAVolution Krav Maga Bremen-Nord \u00e0 Bremen-Nord. L deuxi\u00e8me \u00e9cole est situ\u00e9 dans le quartier \"Vegesack\", il y a encore des s\u00e9minaires","breadcrumb":{"@id":"https:\/\/www.kravolution.com\/fr\/schools\/bremen\/#breadcrumb"},"inLanguage":"fr-FR","potentialAction":[{"@type":"ReadAction","target":["https:\/\/www.kravolution.com\/fr\/schools\/bremen\/"]}]},{"@type":"BreadcrumbList","@id":"https:\/\/www.kravolution.com\/fr\/schools\/bremen\/#breadcrumb","itemListElement":[{"@type":"ListItem","position":1,"name":"Home","item":"https:\/\/www.kravolution.com\/fr\/"},{"@type":"ListItem","position":2,"name":"\u00c9coles","item":"https:\/\/www.kravolution.com\/fr\/schools\/"},{"@type":"ListItem","position":3,"name":"Bremen"}]},{"@type":"WebSite","@id":"https:\/\/www.kravolution.com\/fr\/#website","url":"https:\/\/www.kravolution.com\/fr\/","name":"KRAVolution","description":"Krav Maga modern israeli selfdefense system","potentialAction":[{"@type":"SearchAction","target":{"@type":"EntryPoint","urlTemplate":"https:\/\/www.kravolution.com\/fr\/?s={search_term_string}"},"query-input":"required name=search_term_string"}],"inLanguage":"fr-FR"}]}},"_links":{"self":[{"href":"https:\/\/www.kravolution.com\/fr\/wp-json\/wp\/v2\/pages\/4376"}],"collection":[{"href":"https:\/\/www.kravolution.com\/fr\/wp-json\/wp\/v2\/pages"}],"about":[{"href":"https:\/\/www.kravolution.com\/fr\/wp-json\/wp\/v2\/types\/page"}],"author":[{"embeddable":true,"href":"https:\/\/www.kravolution.com\/fr\/wp-json\/wp\/v2\/users\/7"}],"replies":[{"embeddable":true,"href":"https:\/\/www.kravolution.com\/fr\/wp-json\/wp\/v2\/comments?post=4376"}],"version-history":[{"count":5,"href":"https:\/\/www.kravolution.com\/fr\/wp-json\/wp\/v2\/pages\/4376\/revisions"}],"predecessor-version":[{"id":4502,"href":"https:\/\/www.kravolution.com\/fr\/wp-json\/wp\/v2\/pages\/4376\/revisions\/4502"}],"up":[{"embeddable":true,"href":"https:\/\/www.kravolution.com\/fr\/wp-json\/wp\/v2\/pages\/3163"}],"wp:attachment":[{"href":"https:\/\/www.kravolution.com\/fr\/wp-json\/wp\/v2\/media?parent=4376"}],"curies":[{"name":"wp","href":"https:\/\/api.w.org\/{rel}","templated":true}]}}

<p>l y a deux sites KRAVolution Krav Maga Bremen-Nord à Bremen-Nord. L deuxième école est situé dans le quartier « Vegesack », il y a encore des séminaires réguliers dans le “Kulle » (Kulturinitiative Lesum KULLE e.V., Hindenburgstraße 16, 28717 Bremen) dans le quartier Lesum.</p>

l y a deux sites KRAVolution Krav Maga Bremen-Nord à Bremen-Nord. L deuxième école est situé dans le quartier « Vegesack », [&hellip;]

<!-- This site is optimized with the Yoast SEO plugin v19.13 - https://yoast.com/wordpress/plugins/seo/ -->
<title>Bremen - KRAVolution</title>
<meta name="description" content="l y a deux sites KRAVolution Krav Maga Bremen-Nord à Bremen-Nord. L deuxième école est situé dans le quartier &quot;Vegesack&quot;, il y a encore des séminaires" />
<meta name="robots" content="index, follow, max-snippet:-1, max-image-preview:large, max-video-preview:-1" />
<link rel="canonical" href="https://www.kravolution.com/fr/schools/bremen/" />
<meta property="og:locale" content="fr_FR" />
<meta property="og:type" content="article" />
<meta property="og:title" content="Bremen - KRAVolution" />
<meta property="og:description" content="l y a deux sites KRAVolution Krav Maga Bremen-Nord à Bremen-Nord. L deuxième école est situé dans le quartier &quot;Vegesack&quot;, il y a encore des séminaires" />
<meta property="og:url" content="https://www.kravolution.com/fr/schools/bremen/" />
<meta property="og:site_name" content="KRAVolution" />
<meta property="article:modified_time" content="2018-05-11T23:56:15+00:00" />
<meta name="twitter:card" content="summary_large_image" />
<script type="application/ld+json" class="yoast-schema-graph">{"@context":"https://schema.org","@graph":[{"@type":"WebPage","@id":"https://www.kravolution.com/fr/schools/bremen/","url":"https://www.kravolution.com/fr/schools/bremen/","name":"Bremen - KRAVolution","isPartOf":{"@id":"https://www.kravolution.com/fr/#website"},"datePublished":"2018-05-08T11:08:36+00:00","dateModified":"2018-05-11T23:56:15+00:00","description":"l y a deux sites KRAVolution Krav Maga Bremen-Nord à Bremen-Nord. L deuxième école est situé dans le quartier \"Vegesack\", il y a encore des séminaires","breadcrumb":{"@id":"https://www.kravolution.com/fr/schools/bremen/#breadcrumb"},"inLanguage":"fr-FR","potentialAction":[{"@type":"ReadAction","target":["https://www.kravolution.com/fr/schools/bremen/"]}]},{"@type":"BreadcrumbList","@id":"https://www.kravolution.com/fr/schools/bremen/#breadcrumb","itemListElement":[{"@type":"ListItem","position":1,"name":"Home","item":"https://www.kravolution.com/fr/"},{"@type":"ListItem","position":2,"name":"Écoles","item":"https://www.kravolution.com/fr/schools/"},{"@type":"ListItem","position":3,"name":"Bremen"}]},{"@type":"WebSite","@id":"https://www.kravolution.com/fr/#website","url":"https://www.kravolution.com/fr/","name":"KRAVolution","description":"Krav Maga modern israeli selfdefense system","potentialAction":[{"@type":"SearchAction","target":{"@type":"EntryPoint","urlTemplate":"https://www.kravolution.com/fr/?s={search_term_string}"},"query-input":"required name=search_term_string"}],"inLanguage":"fr-FR"}]}</script>
<!-- / Yoast SEO plugin. -->

l y a deux sites KRAVolution Krav Maga Bremen-Nord à Bremen-Nord. L deuxième école est situé dans le quartier "Vegesack", il y a encore des séminaires

Écoles
